Calculate the greatest common factor of o and 108.
12
Let n = -2 - -5. Suppose 5*b + 37 = n*k, k - b - 14 = b. Let t be (-3)/(-12) + 27/k. What is the greatest common divisor of t and 35?
7
Let c = -549 + 586. What is the greatest common divisor of c and 111?
37
Suppose -18*f - 945 = -33*f. Let r(i) = -2*i + 9. Let c be r(-6). Calculate the greatest common factor of f and c.
21
Suppose 3547 = 38*j - 4851. Calculate the highest common factor of 85 and j.
17
Let p(g) = g**2 + 12*g + 4. Let h be p(-6). Let x = 39 + h. What is the highest common factor of x and 63?
7
Suppose 3*i - 4 = -1, -4*i + 109 = 5*b. Suppose -24*r + b*r - 30 = 0. Let c = r - -60. What is the greatest common divisor of 10 and c?
10
Let b be (40/6)/((296/(-144))/(-37)). Calculate the highest common factor of b and 180.
60
Suppose 3*o = -171 + 249. Calculate the highest common divisor of 104 and o.
26
Let x = 208 - 199. Calculate the highest common divisor of x and 1791.
9
Suppose 2*s - 12 = -2*s. Suppose -2*n - 7 = -5*v, 0*n - 4*n - s = v. Let p be (-3224)/(-372) + 3/9. Calculate the greatest common divisor of p and v.
1
Let s = 7 - -7. Let w be ((-7)/14)/(1/(-10)). Suppose 0 = g + 3*g + k - 115, -w*g + 2*k + 134 = 0. What is the greatest common factor of g and s?
14
Suppose 15*u - 113 = -38. What is the greatest common divisor of u and 15?
5
Suppose 3*o + 24 = -4*y + 65, 10 = o + 5*y. What is the greatest common factor of 585 and o?
15
Let v be (264/(-18))/(1/3). Let j be (v/(-2))/(3 - 1). What is the highest common divisor of j and 99?
11
Let r = 17 + 78. Suppose -5*j = 5*p - r - 485, -3*j = 4*p - 352. Calculate the greatest common factor of j and 16.
16
Suppose 0 = 4*h - 12*h + 48. Suppose 21*f - 195 = h*f. What is the greatest common divisor of f and 13?
13
Let r = -1137 + 1141. What is the highest common divisor of r and 32?
4
Let a(j) = -2*j**3 + 14*j**2 - 16*j - 9. Let t be a(5). What is the greatest common divisor of t and 957?
11
Suppose -15*u = -281 - 184. What is the greatest common divisor of u and 806?
31
Let o = -963 - -1678. Let p be o/5 + -4 + 5. Calculate the greatest common factor of 36 and p.
36
Let r be (-9)/(-12) - (-13)/(-8)*-2. Suppose 624 = r*q - 2*q. What is the greatest common divisor of 39 and q?
39
Suppose -11*h + 849 = -2385. Calculate the greatest common divisor of 6 and h.
6
Let c(s) = -2*s - 8. Let m be c(-5). Suppose 3*y + m*y = 65. What is the highest common factor of y and 52?
13
Suppose 65*g = 66*g - 21. Let w(j) = -j**3 + 21*j**2 + j - 15. Let l be w(g). What is the greatest common factor of 21 and l?
3
Suppose 0 = 4*u - 23 + 3. Suppose 0 = -13*t - u*t + 342. What is the highest common factor of t and 1?
1
Let b(i) be the third derivative of -i**4/8 - 5*i**3/3 + 45*i**2. Let p be b(-11). What is the highest common factor of p and 253?
23
Suppose 2*t = v - 2*t - 48, 2*v = 2*t + 78. Calculate the highest common divisor of 252 and v.
36
Suppose -11*x = -10*x - 3*g - 12, 4*x - 2*g = 58. Calculate the highest common divisor of x and 60.
15
Suppose 0 = 2*p - 1043 + 371. What is the highest common factor of p and 21?
21
Let y = 416 + -413. Let h(s) = -s**2 - 5*s + 6. Let f be h(-7). Let j = -5 - f. What is the highest common divisor of y and j?
3
Let j(c) = 31*c**2 - 11*c - 12. Let b be j(-4). What is the greatest common divisor of b and 48?
48
Let o(w) = 2*w**2 - 10*w - 102. Let v be o(-6). Calculate the greatest common factor of v and 285.
15
Let s = -12 + 66. Let x = 60 - s. What is the highest common factor of 54 and x?
6
Suppose 2*k = -2*u - 4, 5*k - k = -20. Suppose -42*h + 694 = -314. What is the greatest common divisor of h and u?
3
Let k(v) = 40*v + 1. Let m be (9/6)/(2/4). Suppose 0 = -0*y - m*y + 6. Let b be k(y). Calculate the highest common divisor of 27 and b.
27
Suppose 4425*y = 4418*y + 588. Let w be (-20 + -1)/(-2 - -1). Suppose 0 = 5*c + 2*f - f - 105, c - w = -5*f. Calculate the greatest common divisor of y and c.
21
Let v = 0 + 6. Let i be v/15 - (-834)/15. Calculate the greatest common factor of 7 and i.
7
Suppose -72 = 4*c + 68. Let x = 21 - c. What is the greatest common divisor of 8 and x?
8
Suppose 0 = l + i - 2*i - 35, -2*i + 2 = 0. Suppose -d + 5*d + 264 = 0. Let a = d + 156. What is the highest common factor of a and l?
18
Suppose 26*i + 6*i = 3200. What is the greatest common factor of i and 350?
50
Suppose -3*p - 1 + 16 = 0. Let j be 2/10 + 524/p. What is the greatest common divisor of j and 15?
15
Let g = -549 + 554. Calculate the greatest common divisor of g and 15.
5
Let x = -11 + 4. Let a be x/7*(-260 + -1). Let n be (-1 - -4)/(3 - (-168)/(-58)). Calculate the highest common divisor of a and n.
29
Let k(c) = -4*c**2 + 13*c + 21. Let p be k(-2). Let y be (-12)/p + 318/7. What is the greatest common factor of y and 230?
46
Suppose g - 15 = 9. Suppose 6*h = 2*h + 64. Calculate the highest common factor of g and h.
8
Let f be (-4)/(-6) - 2714/(-69). Let j = -12 + 15. Suppose 16 = -2*i + j*i. What is the highest common factor of f and i?
8
Let g be -1*-2*(-20)/(-5). Let c be (-322)/(-9) + g/36. Suppose 0*a = 2*l + 4*a - c, 2*l = -a + 39. What is the greatest common factor of l and 140?
20
Let q(f) = -56*f + 14. Let u be q(-2). Calculate the greatest common divisor of 42 and u.
42
Suppose 26 = 6*o - 4*o. Suppose -g + 3*j = -25, -2*j + 44 = 5*g - o. What is the greatest common divisor of g and 143?
13
Suppose -3*b + 5*w + 999 = 0, 17*w - 20*w - 1321 = -4*b. Calculate the greatest common factor of b and 287.
41
Suppose 0 = -130*t + 111*t + 190. What is the greatest common divisor of t and 1090?
10
Let g(y) = y**3 + 9*y**2 - 5*y - 10. Let f be g(-8). Let s = f + -54. What is the greatest common divisor of 60 and s?
20
Let o(u) be the third derivative of -u**6/120 - u**5/60 + 27*u**3/2 + 4*u**2. Let k be o(0). What is the greatest common factor of k and 9?
9
Suppose -15*p + 19 = -53 - 33. Let w(i) = -i**3 - 4*i**2 + 9*i - 7. Let h be w(-7). What is the greatest common factor of h and p?
7
Let f(l) = -5*l + 6. Let g(v) = 21*v - 24. Let x(w) = -26*f(w) - 6*g(w). Let q be x(-7). Let o = 64 + q. Calculate the highest common factor of 4 and o.
4
Let r = -29 + 29. Suppose 2*q + 5*w - 5 = -2, r = -5*q - 3*w + 36. Suppose 7*y = q*y - 12. Calculate the highest common factor of y and 42.
6
Let s = 322 + -270. What is the greatest common divisor of s and 130?
26
Suppose 301 = -23*o + 30*o. What is the highest common divisor of o and 3?
1
Let f be (-2)/13 + ((-318)/(-39))/1. Let n be 14 - (-1 + (f - 3)). Calculate the greatest common factor of n and 2.
2
Suppose 26*r - 23*r = 42. Let o = -6 + 10. Suppose 5*k + 3*n = 484, -6 - 2 = o*n. Calculate the highest common factor of r and k.
14
Suppose -45*n - 40 = -46*n. What is the greatest common divisor of n and 100?
20
Let l = 336 + -188. Let u = l - 73. What is the highest common divisor of u and 50?
25
Let l(d) = 4*d + 17. Let p be l(-15). Let o be (-1)/(-3) + 49/(-21). Let x be (p + o)*(-12)/20. What is the highest common divisor of 18 and x?
9
Let g = 22 + -19. Suppose -j - g*j = -24. Calculate the highest common divisor of j and 30.
6
Suppose c - 12 = -2*c. Let u = 15 + -22. Let k = -3 - u. What is the highest common divisor of k and c?
4
Let s(v) = -47*v + 737. Let t be s(15). Suppose 0 = -i - 4*i + 20. What is the highest common factor of i and t?
4
Let y(p) be the first derivative of -p**4/4 + 13*p**3/3 + 6*p**2 + 3*p + 2. Let f be y(14). Let c = f + 41. Calculate the greatest common factor of c and 80.
16
Let r(n) = -n**3 - n**2 - n - 2. Let d be r(-2). Let k(q) = 10*q. Let c be k(8). Suppose -2*h = -d*h + c. What is the highest common divisor of 60 and h?
20
Let o = -35 - -42. Suppose -o*d + 33 = -4*d. Calculate the greatest common divisor of 55 and d.
11
Suppose -12 = -3*p - 0*p. Suppose 5*b = 5*u + 40, b - 4*b + 29 = -p*u. Suppose -b*m + 7*m - 120 = 0. What is the highest common factor of m and 12?
6
Let k(g) = 42*g - 60. Let i be k(10). Calculate the highest common factor of i and 216.
72
Let n(l) = -l**3 + 6*l**2 - 6*l + 8. Let t be n(5). Let f(x) = -x**2 + 12. Let z be f(0). Suppose -d + 9 = -z. Calculate the greatest common factor of d and t.
3
Let b = 19 + -13. Suppose -3*z - 2*d + 18 + 5 = 0, -2*z + 3*d - 2 = 0. Suppose 7*n = z*n + b. Calculate the greatest common div